{"id":37,"date":"2026-01-12T08:30:54","date_gmt":"2026-01-12T08:30:54","guid":{"rendered":"https:\/\/www.bio-laurentia.com\/?page_id=37"},"modified":"2026-01-25T09:41:21","modified_gmt":"2026-01-25T09:41:21","slug":"formations","status":"publish","type":"page","link":"https:\/\/www.bio-laurentia.com\/index.php\/competences-et-realisations\/formations\/","title":{"rendered":"Formations"},"content":{"rendered":"\n<p>L&rsquo;\u00e9quipe&nbsp;Bio-Laurentia&nbsp;offre&nbsp;r\u00e9guli\u00e8rement&nbsp;des formations \u00e0&nbsp;plusieurs&nbsp;organisations,&nbsp;enseignant&nbsp;aux participants des techniques&nbsp;d&rsquo;observation&nbsp;scientifique, des&nbsp;proc\u00e9dures&nbsp;d&rsquo;intervention&nbsp;aupr\u00e8s&nbsp;d&rsquo;animaux&nbsp;sauvages&nbsp;en&nbsp;d\u00e9tresse&nbsp;et&nbsp;d&rsquo;autres&nbsp;comp\u00e9tences.&nbsp;<\/p>\n\n\n\n<div style=\"height:20px\" aria-hidden=\"true\" class=\"wp-block-spacer\"><\/div>\n\n\n\n<div class=\"wp-block-group has-theme-palette-7-background-color has-background\" style=\"border-top-left-radius:20px;border-top-right-radius:20px;border-bottom-left-radius:20px;border-bottom-right-radius:20px\"><div class=\"wp-block-group__inner-container is-layout-constrained wp-block-group-is-layout-constrained\">\n<h2 class=\"wp-block-heading has-text-align-center\">Nos articles sur les formations<\/h2>\n\n\n\n<div style=\"height:20px\" aria-hidden=\"true\" class=\"wp-block-spacer\"><\/div>\n\n\n<ul style=\"font-style:normal;font-weight:500;\" class=\"wp-block-latest-posts__list is-grid columns-3 wp-block-latest-posts\"><li><div class=\"wp-block-latest-posts__featured-image\"><a href=\"https:\/\/www.bio-laurentia.com\/index.php\/2026\/01\/23\/formations-2026\/\" aria-label=\"Formations dispens\u00e9es en 2026\"><img loading=\"lazy\" decoding=\"async\" width=\"1024\" height=\"768\" src=\"https:\/\/www.bio-laurentia.com\/wp-content\/uploads\/2026\/01\/Article-Formations-1024x768.jpg\" class=\"attachment-large size-large wp-post-image\" alt=\"\" style=\"\" srcset=\"https:\/\/www.bio-laurentia.com\/wp-content\/uploads\/2026\/01\/Article-Formations-1024x768.jpg 1024w, https:\/\/www.bio-laurentia.com\/wp-content\/uploads\/2026\/01\/Article-Formations-300x225.jpg 300w, https:\/\/www.bio-laurentia.com\/wp-content\/uploads\/2026\/01\/Article-Formations-768x576.jpg 768w, https:\/\/www.bio-laurentia.com\/wp-content\/uploads\/2026\/01\/Article-Formations-1536x1152.jpg 1536w, https:\/\/www.bio-laurentia.com\/wp-content\/uploads\/2026\/01\/Article-Formations-2048x1536.jpg 2048w\" sizes=\"auto, (max-width: 1024px) 100vw, 1024px\" \/><\/a><\/div><a class=\"wp-block-latest-posts__post-title\" href=\"https:\/\/www.bio-laurentia.com\/index.php\/2026\/01\/23\/formations-2026\/\">Formations dispens\u00e9es en 2026<\/a><\/li>\n<\/ul><\/div><\/div>\n\n\n\n<div style=\"height:20px\" aria-hidden=\"true\" class=\"wp-block-spacer\"><\/div>\n\n\n\n<h2 class=\"wp-block-heading has-text-align-center\">Nos autres comp\u00e9tences et r\u00e9alisations<\/h2>\n\n\n\n<div style=\"height:20px\" aria-hidden=\"true\" class=\"wp-block-spacer\"><\/div>\n\n\n\n<div class=\"wp-block-columns are-vertically-aligned-center is-layout-flex wp-container-core-columns-is-layout-9d6595d7 wp-block-columns-is-layout-flex\">\n<div class=\"wp-block-column is-vertically-aligned-center is-layout-flow wp-block-column-is-layout-flow\" style=\"flex-basis:50%\">\n<div class=\"wp-block-cover aligncenter has-aspect-ratio wp-duotone-unset-1\" style=\"border-top-left-radius:20px;border-top-right-radius:20px;border-bottom-left-radius:20px;border-bottom-right-radius:20px;margin-top:0;padding-top:1vw;padding-right:1vw;padding-bottom:1vw;padding-left:1vw;min-height:50vh;aspect-ratio:1;min-height:unset;\"><img loading=\"lazy\" decoding=\"async\" width=\"1024\" height=\"1024\" class=\"wp-block-cover__image-background wp-image-543 size-large\" alt=\"\" src=\"http:\/\/www.bio-laurentia.com\/wp-content\/uploads\/2026\/01\/Recherche-scientifique-Carre-zoome-1024x1024.jpg\" data-object-fit=\"cover\" srcset=\"https:\/\/www.bio-laurentia.com\/wp-content\/uploads\/2026\/01\/Recherche-scientifique-Carre-zoome-1024x1024.jpg 1024w, https:\/\/www.bio-laurentia.com\/wp-content\/uploads\/2026\/01\/Recherche-scientifique-Carre-zoome-300x300.jpg 300w, https:\/\/www.bio-laurentia.com\/wp-content\/uploads\/2026\/01\/Recherche-scientifique-Carre-zoome-150x150.jpg 150w, https:\/\/www.bio-laurentia.com\/wp-content\/uploads\/2026\/01\/Recherche-scientifique-Carre-zoome-768x768.jpg 768w, https:\/\/www.bio-laurentia.com\/wp-content\/uploads\/2026\/01\/Recherche-scientifique-Carre-zoome.jpg 1292w\" sizes=\"auto, (max-width: 1024px) 100vw, 1024px\" \/><span aria-hidden=\"true\" class=\"wp-block-cover__background has-background-dim-0 has-background-dim\"><\/span><div class=\"wp-block-cover__inner-container is-layout-flow wp-block-cover-is-layout-flow\">\n<div class=\"wp-block-group\"><div class=\"wp-block-group__inner-container is-layout-flow wp-block-group-is-layout-flow\">\n<div style=\"height:150px\" aria-hidden=\"true\" class=\"wp-block-spacer\"><\/div>\n<\/div><\/div>\n\n\n\n<div class=\"wp-block-buttons alignwide is-content-justification-center is-nowrap is-layout-flex wp-container-core-buttons-is-layout-1fb9aab6 wp-block-buttons-is-layout-flex\">\n<div class=\"wp-block-button has-custom-width wp-block-button__width-75 is-style-primary\"><a class=\"wp-block-button__link has-text-align-center wp-element-button\" href=\"https:\/\/www.bio-laurentia.com\/index.php\/recherche-scientifique\/\" style=\"border-top-left-radius:100px;border-top-right-radius:100px;border-bottom-left-radius:100px;border-bottom-right-radius:100px\">Recherche scientifique<\/a><\/div>\n<\/div>\n<\/div><\/div>\n<\/div>\n\n\n\n<div class=\"wp-block-column is-vertically-aligned-center is-layout-flow wp-block-column-is-layout-flow\" style=\"flex-basis:50%\">\n<div class=\"wp-block-cover aligncenter has-aspect-ratio wp-duotone-unset-2\" style=\"border-top-left-radius:20px;border-top-right-radius:20px;border-bottom-left-radius:20px;border-bottom-right-radius:20px;margin-top:0;padding-top:1vw;padding-right:1vw;padding-bottom:1vw;padding-left:1vw;min-height:50vh;aspect-ratio:1;min-height:unset;\"><img loading=\"lazy\" decoding=\"async\" width=\"1024\" height=\"1024\" class=\"wp-block-cover__image-background wp-image-386 size-large\" alt=\"\" src=\"http:\/\/www.bio-laurentia.com\/wp-content\/uploads\/2026\/01\/Etudes-dimpact-Carre-1024x1024.jpg\" data-object-fit=\"cover\" srcset=\"https:\/\/www.bio-laurentia.com\/wp-content\/uploads\/2026\/01\/Etudes-dimpact-Carre-1024x1024.jpg 1024w, https:\/\/www.bio-laurentia.com\/wp-content\/uploads\/2026\/01\/Etudes-dimpact-Carre-300x300.jpg 300w, https:\/\/www.bio-laurentia.com\/wp-content\/uploads\/2026\/01\/Etudes-dimpact-Carre-150x150.jpg 150w, https:\/\/www.bio-laurentia.com\/wp-content\/uploads\/2026\/01\/Etudes-dimpact-Carre-768x768.jpg 768w, https:\/\/www.bio-laurentia.com\/wp-content\/uploads\/2026\/01\/Etudes-dimpact-Carre-1536x1536.jpg 1536w, https:\/\/www.bio-laurentia.com\/wp-content\/uploads\/2026\/01\/Etudes-dimpact-Carre-2048x2048.jpg 2048w\" sizes=\"auto, (max-width: 1024px) 100vw, 1024px\" \/><span aria-hidden=\"true\" class=\"wp-block-cover__background has-background-dim-0 has-background-dim\"><\/span><div class=\"wp-block-cover__inner-container is-layout-flow wp-block-cover-is-layout-flow\">\n<div class=\"wp-block-group\"><div class=\"wp-block-group__inner-container is-layout-flow wp-block-group-is-layout-flow\">\n<div style=\"height:150px\" aria-hidden=\"true\" class=\"wp-block-spacer\"><\/div>\n<\/div><\/div>\n\n\n\n<div class=\"wp-block-buttons alignwide is-content-justification-center is-nowrap is-layout-flex wp-container-core-buttons-is-layout-1fb9aab6 wp-block-buttons-is-layout-flex\">\n<div class=\"wp-block-button has-custom-width wp-block-button__width-75 is-style-primary\"><a class=\"wp-block-button__link has-text-align-center wp-element-button\" href=\"https:\/\/www.bio-laurentia.com\/index.php\/etudes-dimpact\/\" style=\"border-top-left-radius:100px;border-top-right-radius:100px;border-bottom-left-radius:100px;border-bottom-right-radius:100px\">Etudes d&rsquo;impact<\/a><\/div>\n<\/div>\n<\/div><\/div>\n<\/div>\n\n\n\n<div class=\"wp-block-column is-vertically-aligned-center is-layout-flow wp-block-column-is-layout-flow\" style=\"flex-basis:50%\">\n<div class=\"wp-block-cover aligncenter has-aspect-ratio wp-duotone-unset-3\" style=\"border-top-left-radius:20px;border-top-right-radius:20px;border-bottom-left-radius:20px;border-bottom-right-radius:20px;margin-top:0;padding-top:1vw;padding-right:1vw;padding-bottom:1vw;padding-left:1vw;min-height:50vh;aspect-ratio:1;min-height:unset;\"><img loading=\"lazy\" decoding=\"async\" width=\"1024\" height=\"1024\" class=\"wp-block-cover__image-background wp-image-403 size-large\" alt=\"\" src=\"https:\/\/www.bio-laurentia.com\/wp-content\/uploads\/2026\/01\/Audiovisuel-Carre-1024x1024.jpg\" data-object-fit=\"cover\" srcset=\"https:\/\/www.bio-laurentia.com\/wp-content\/uploads\/2026\/01\/Audiovisuel-Carre-1024x1024.jpg 1024w, https:\/\/www.bio-laurentia.com\/wp-content\/uploads\/2026\/01\/Audiovisuel-Carre-300x300.jpg 300w, https:\/\/www.bio-laurentia.com\/wp-content\/uploads\/2026\/01\/Audiovisuel-Carre-150x150.jpg 150w, https:\/\/www.bio-laurentia.com\/wp-content\/uploads\/2026\/01\/Audiovisuel-Carre-768x768.jpg 768w, https:\/\/www.bio-laurentia.com\/wp-content\/uploads\/2026\/01\/Audiovisuel-Carre-1536x1536.jpg 1536w, https:\/\/www.bio-laurentia.com\/wp-content\/uploads\/2026\/01\/Audiovisuel-Carre-2048x2048.jpg 2048w\" sizes=\"auto, (max-width: 1024px) 100vw, 1024px\" \/><span aria-hidden=\"true\" class=\"wp-block-cover__background has-background-dim-0 has-background-dim\"><\/span><div class=\"wp-block-cover__inner-container is-layout-flow wp-block-cover-is-layout-flow\">\n<div class=\"wp-block-group\"><div class=\"wp-block-group__inner-container is-layout-flow wp-block-group-is-layout-flow\">\n<div style=\"height:150px\" aria-hidden=\"true\" class=\"wp-block-spacer\"><\/div>\n<\/div><\/div>\n\n\n\n<div class=\"wp-block-buttons alignwide is-content-justification-center is-nowrap is-layout-flex wp-container-core-buttons-is-layout-1fb9aab6 wp-block-buttons-is-layout-flex\">\n<div class=\"wp-block-button has-custom-width wp-block-button__width-75 is-style-primary\"><a class=\"wp-block-button__link has-text-align-center wp-element-button\" href=\"https:\/\/www.bio-laurentia.com\/index.php\/en\/audiovisuel\/\" style=\"border-top-left-radius:100px;border-top-right-radius:100px;border-bottom-left-radius:100px;border-bottom-right-radius:100px\">Audiovisuel<\/a><\/div>\n<\/div>\n<\/div><\/div>\n<\/div>\n<\/div>\n\n\n\n<div style=\"height:40px\" aria-hidden=\"true\" class=\"wp-block-spacer\"><\/div>\n","protected":false},"excerpt":{"rendered":"<p>L&rsquo;\u00e9quipe&nbsp;Bio-Laurentia&nbsp;offre&nbsp;r\u00e9guli\u00e8rement&nbsp;des formations \u00e0&nbsp;plusieurs&nbsp;organisations,&nbsp;enseignant&nbsp;aux participants des techniques&nbsp;d&rsquo;observation&nbsp;scientifique, des&nbsp;proc\u00e9dures&nbsp;d&rsquo;intervention&nbsp;aupr\u00e8s&nbsp;d&rsquo;animaux&nbsp;sauvages&nbsp;en&nbsp;d\u00e9tresse&nbsp;et&nbsp;d&rsquo;autres&nbsp;comp\u00e9tences.&nbsp; Nos articles sur les formations Nos autres comp\u00e9tences et r\u00e9alisations<\/p>\n","protected":false},"author":1,"featured_media":335,"parent":14,"menu_order":19,"comment_status":"closed","ping_status":"closed","template":"","meta":{"inline_featured_image":false,"_kad_post_transparent":"","_kad_post_title":"","_kad_post_layout":"","_kad_post_sidebar_id":"","_kad_post_content_style":"","_kad_post_vertical_padding":"","_kad_post_feature":"","_kad_post_feature_position":"","_kad_post_header":false,"_kad_post_footer":false,"_kad_post_classname":"","footnotes":""},"class_list":["post-37","page","type-page","status-publish","has-post-thumbnail","hentry"],"yoast_head":"<!-- This site is optimized with the Yoast SEO plugin v27.3 - https:\/\/yoast.com\/product\/yoast-seo-wordpress\/ -->\n<title>Formations Environnement et Oc\u00e9anographie | Bio-Laurentia<\/title>\n<meta name=\"description\" content=\"Formations Environnement Milieu Marin | Techniques\u00a0d&#039;Observation\u00a0Scientifique, Intervention\u00a0aupr\u00e8s\u00a0d&#039;Animaux\u00a0Sauvages\u00a0en\u00a0D\u00e9tresse\u00a0et\u00a0Autres\u00a0\" \/>\n<meta name=\"robots\" content=\"index, follow, max-snippet:-1, max-image-preview:large, max-video-preview:-1\" \/>\n<link rel=\"canonical\" href=\"https:\/\/www.bio-laurentia.com\/index.php\/competences-et-realisations\/formations\/\" \/>\n<meta property=\"og:locale\" content=\"fr_FR\" \/>\n<meta property=\"og:type\" content=\"article\" \/>\n<meta property=\"og:title\" content=\"Formations Environnement et Oc\u00e9anographie | Bio-Laurentia\" \/>\n<meta property=\"og:description\" content=\"Formations Environnement Milieu Marin | Techniques\u00a0d&#039;Observation\u00a0Scientifique, Intervention\u00a0aupr\u00e8s\u00a0d&#039;Animaux\u00a0Sauvages\u00a0en\u00a0D\u00e9tresse\u00a0et\u00a0Autres\u00a0\" \/>\n<meta property=\"og:url\" content=\"https:\/\/www.bio-laurentia.com\/index.php\/competences-et-realisations\/formations\/\" \/>\n<meta property=\"og:site_name\" content=\"Bio-Laurentia\" \/>\n<meta property=\"article:modified_time\" content=\"2026-01-25T09:41:21+00:00\" \/>\n<meta property=\"og:image\" content=\"https:\/\/www.bio-laurentia.com\/wp-content\/uploads\/2026\/01\/Formation-scaled.jpg\" \/>\n\t<meta property=\"og:image:width\" content=\"2560\" \/>\n\t<meta property=\"og:image:height\" content=\"1440\" \/>\n\t<meta property=\"og:image:type\" content=\"image\/jpeg\" \/>\n<meta name=\"twitter:card\" content=\"summary_large_image\" \/>\n<meta name=\"twitter:label1\" content=\"Dur\u00e9e de lecture estim\u00e9e\" \/>\n\t<meta name=\"twitter:data1\" content=\"2 minutes\" \/>\n<script type=\"application\/ld+json\" class=\"yoast-schema-graph\">{\"@context\":\"https:\\\/\\\/schema.org\",\"@graph\":[{\"@type\":\"WebPage\",\"@id\":\"https:\\\/\\\/www.bio-laurentia.com\\\/index.php\\\/competences-et-realisations\\\/formations\\\/\",\"url\":\"https:\\\/\\\/www.bio-laurentia.com\\\/index.php\\\/competences-et-realisations\\\/formations\\\/\",\"name\":\"Formations Environnement et Oc\u00e9anographie | Bio-Laurentia\",\"isPartOf\":{\"@id\":\"https:\\\/\\\/www.bio-laurentia.com\\\/#website\"},\"primaryImageOfPage\":{\"@id\":\"https:\\\/\\\/www.bio-laurentia.com\\\/index.php\\\/competences-et-realisations\\\/formations\\\/#primaryimage\"},\"image\":{\"@id\":\"https:\\\/\\\/www.bio-laurentia.com\\\/index.php\\\/competences-et-realisations\\\/formations\\\/#primaryimage\"},\"thumbnailUrl\":\"https:\\\/\\\/www.bio-laurentia.com\\\/wp-content\\\/uploads\\\/2026\\\/01\\\/Formation-scaled.jpg\",\"datePublished\":\"2026-01-12T08:30:54+00:00\",\"dateModified\":\"2026-01-25T09:41:21+00:00\",\"description\":\"Formations Environnement Milieu Marin | Techniques\u00a0d'Observation\u00a0Scientifique, Intervention\u00a0aupr\u00e8s\u00a0d'Animaux\u00a0Sauvages\u00a0en\u00a0D\u00e9tresse\u00a0et\u00a0Autres\u00a0\",\"breadcrumb\":{\"@id\":\"https:\\\/\\\/www.bio-laurentia.com\\\/index.php\\\/competences-et-realisations\\\/formations\\\/#breadcrumb\"},\"inLanguage\":\"fr-FR\",\"potentialAction\":[{\"@type\":\"ReadAction\",\"target\":[\"https:\\\/\\\/www.bio-laurentia.com\\\/index.php\\\/competences-et-realisations\\\/formations\\\/\"]}]},{\"@type\":\"ImageObject\",\"inLanguage\":\"fr-FR\",\"@id\":\"https:\\\/\\\/www.bio-laurentia.com\\\/index.php\\\/competences-et-realisations\\\/formations\\\/#primaryimage\",\"url\":\"https:\\\/\\\/www.bio-laurentia.com\\\/wp-content\\\/uploads\\\/2026\\\/01\\\/Formation-scaled.jpg\",\"contentUrl\":\"https:\\\/\\\/www.bio-laurentia.com\\\/wp-content\\\/uploads\\\/2026\\\/01\\\/Formation-scaled.jpg\",\"width\":2560,\"height\":1440},{\"@type\":\"BreadcrumbList\",\"@id\":\"https:\\\/\\\/www.bio-laurentia.com\\\/index.php\\\/competences-et-realisations\\\/formations\\\/#breadcrumb\",\"itemListElement\":[{\"@type\":\"ListItem\",\"position\":1,\"name\":\"Accueil\",\"item\":\"https:\\\/\\\/www.bio-laurentia.com\\\/\"},{\"@type\":\"ListItem\",\"position\":2,\"name\":\"Comp\u00e9tences et r\u00e9alisations\",\"item\":\"https:\\\/\\\/www.bio-laurentia.com\\\/index.php\\\/competences-et-realisations\\\/\"},{\"@type\":\"ListItem\",\"position\":3,\"name\":\"Formations\"}]},{\"@type\":\"WebSite\",\"@id\":\"https:\\\/\\\/www.bio-laurentia.com\\\/#website\",\"url\":\"https:\\\/\\\/www.bio-laurentia.com\\\/\",\"name\":\"Bio-Laurentia\",\"description\":\"\",\"publisher\":{\"@id\":\"https:\\\/\\\/www.bio-laurentia.com\\\/#organization\"},\"potentialAction\":[{\"@type\":\"SearchAction\",\"target\":{\"@type\":\"EntryPoint\",\"urlTemplate\":\"https:\\\/\\\/www.bio-laurentia.com\\\/?s={search_term_string}\"},\"query-input\":{\"@type\":\"PropertyValueSpecification\",\"valueRequired\":true,\"valueName\":\"search_term_string\"}}],\"inLanguage\":\"fr-FR\"},{\"@type\":\"Organization\",\"@id\":\"https:\\\/\\\/www.bio-laurentia.com\\\/#organization\",\"name\":\"Bio-Laurentia\",\"url\":\"https:\\\/\\\/www.bio-laurentia.com\\\/\",\"logo\":{\"@type\":\"ImageObject\",\"inLanguage\":\"fr-FR\",\"@id\":\"https:\\\/\\\/www.bio-laurentia.com\\\/#\\\/schema\\\/logo\\\/image\\\/\",\"url\":\"https:\\\/\\\/www.bio-laurentia.com\\\/wp-content\\\/uploads\\\/2026\\\/01\\\/Logo-Bio-Laurentia-COULEURS-1-scaled.png\",\"contentUrl\":\"https:\\\/\\\/www.bio-laurentia.com\\\/wp-content\\\/uploads\\\/2026\\\/01\\\/Logo-Bio-Laurentia-COULEURS-1-scaled.png\",\"width\":2560,\"height\":1109,\"caption\":\"Bio-Laurentia\"},\"image\":{\"@id\":\"https:\\\/\\\/www.bio-laurentia.com\\\/#\\\/schema\\\/logo\\\/image\\\/\"}}]}<\/script>\n<!-- \/ Yoast SEO plugin. -->","yoast_head_json":{"title":"Formations Environnement et Oc\u00e9anographie | Bio-Laurentia","description":"Formations Environnement Milieu Marin | Techniques\u00a0d'Observation\u00a0Scientifique, Intervention\u00a0aupr\u00e8s\u00a0d'Animaux\u00a0Sauvages\u00a0en\u00a0D\u00e9tresse\u00a0et\u00a0Autres\u00a0","robots":{"index":"index","follow":"follow","max-snippet":"max-snippet:-1","max-image-preview":"max-image-preview:large","max-video-preview":"max-video-preview:-1"},"canonical":"https:\/\/www.bio-laurentia.com\/index.php\/competences-et-realisations\/formations\/","og_locale":"fr_FR","og_type":"article","og_title":"Formations Environnement et Oc\u00e9anographie | Bio-Laurentia","og_description":"Formations Environnement Milieu Marin | Techniques\u00a0d'Observation\u00a0Scientifique, Intervention\u00a0aupr\u00e8s\u00a0d'Animaux\u00a0Sauvages\u00a0en\u00a0D\u00e9tresse\u00a0et\u00a0Autres\u00a0","og_url":"https:\/\/www.bio-laurentia.com\/index.php\/competences-et-realisations\/formations\/","og_site_name":"Bio-Laurentia","article_modified_time":"2026-01-25T09:41:21+00:00","og_image":[{"width":2560,"height":1440,"url":"https:\/\/www.bio-laurentia.com\/wp-content\/uploads\/2026\/01\/Formation-scaled.jpg","type":"image\/jpeg"}],"twitter_card":"summary_large_image","twitter_misc":{"Dur\u00e9e de lecture estim\u00e9e":"2 minutes"},"schema":{"@context":"https:\/\/schema.org","@graph":[{"@type":"WebPage","@id":"https:\/\/www.bio-laurentia.com\/index.php\/competences-et-realisations\/formations\/","url":"https:\/\/www.bio-laurentia.com\/index.php\/competences-et-realisations\/formations\/","name":"Formations Environnement et Oc\u00e9anographie | Bio-Laurentia","isPartOf":{"@id":"https:\/\/www.bio-laurentia.com\/#website"},"primaryImageOfPage":{"@id":"https:\/\/www.bio-laurentia.com\/index.php\/competences-et-realisations\/formations\/#primaryimage"},"image":{"@id":"https:\/\/www.bio-laurentia.com\/index.php\/competences-et-realisations\/formations\/#primaryimage"},"thumbnailUrl":"https:\/\/www.bio-laurentia.com\/wp-content\/uploads\/2026\/01\/Formation-scaled.jpg","datePublished":"2026-01-12T08:30:54+00:00","dateModified":"2026-01-25T09:41:21+00:00","description":"Formations Environnement Milieu Marin | Techniques\u00a0d'Observation\u00a0Scientifique, Intervention\u00a0aupr\u00e8s\u00a0d'Animaux\u00a0Sauvages\u00a0en\u00a0D\u00e9tresse\u00a0et\u00a0Autres\u00a0","breadcrumb":{"@id":"https:\/\/www.bio-laurentia.com\/index.php\/competences-et-realisations\/formations\/#breadcrumb"},"inLanguage":"fr-FR","potentialAction":[{"@type":"ReadAction","target":["https:\/\/www.bio-laurentia.com\/index.php\/competences-et-realisations\/formations\/"]}]},{"@type":"ImageObject","inLanguage":"fr-FR","@id":"https:\/\/www.bio-laurentia.com\/index.php\/competences-et-realisations\/formations\/#primaryimage","url":"https:\/\/www.bio-laurentia.com\/wp-content\/uploads\/2026\/01\/Formation-scaled.jpg","contentUrl":"https:\/\/www.bio-laurentia.com\/wp-content\/uploads\/2026\/01\/Formation-scaled.jpg","width":2560,"height":1440},{"@type":"BreadcrumbList","@id":"https:\/\/www.bio-laurentia.com\/index.php\/competences-et-realisations\/formations\/#breadcrumb","itemListElement":[{"@type":"ListItem","position":1,"name":"Accueil","item":"https:\/\/www.bio-laurentia.com\/"},{"@type":"ListItem","position":2,"name":"Comp\u00e9tences et r\u00e9alisations","item":"https:\/\/www.bio-laurentia.com\/index.php\/competences-et-realisations\/"},{"@type":"ListItem","position":3,"name":"Formations"}]},{"@type":"WebSite","@id":"https:\/\/www.bio-laurentia.com\/#website","url":"https:\/\/www.bio-laurentia.com\/","name":"Bio-Laurentia","description":"","publisher":{"@id":"https:\/\/www.bio-laurentia.com\/#organization"},"potentialAction":[{"@type":"SearchAction","target":{"@type":"EntryPoint","urlTemplate":"https:\/\/www.bio-laurentia.com\/?s={search_term_string}"},"query-input":{"@type":"PropertyValueSpecification","valueRequired":true,"valueName":"search_term_string"}}],"inLanguage":"fr-FR"},{"@type":"Organization","@id":"https:\/\/www.bio-laurentia.com\/#organization","name":"Bio-Laurentia","url":"https:\/\/www.bio-laurentia.com\/","logo":{"@type":"ImageObject","inLanguage":"fr-FR","@id":"https:\/\/www.bio-laurentia.com\/#\/schema\/logo\/image\/","url":"https:\/\/www.bio-laurentia.com\/wp-content\/uploads\/2026\/01\/Logo-Bio-Laurentia-COULEURS-1-scaled.png","contentUrl":"https:\/\/www.bio-laurentia.com\/wp-content\/uploads\/2026\/01\/Logo-Bio-Laurentia-COULEURS-1-scaled.png","width":2560,"height":1109,"caption":"Bio-Laurentia"},"image":{"@id":"https:\/\/www.bio-laurentia.com\/#\/schema\/logo\/image\/"}}]}},"_links":{"self":[{"href":"https:\/\/www.bio-laurentia.com\/index.php\/wp-json\/wp\/v2\/pages\/37","targetHints":{"allow":["GET"]}}],"collection":[{"href":"https:\/\/www.bio-laurentia.com\/index.php\/wp-json\/wp\/v2\/pages"}],"about":[{"href":"https:\/\/www.bio-laurentia.com\/index.php\/wp-json\/wp\/v2\/types\/page"}],"author":[{"embeddable":true,"href":"https:\/\/www.bio-laurentia.com\/index.php\/wp-json\/wp\/v2\/users\/1"}],"replies":[{"embeddable":true,"href":"https:\/\/www.bio-laurentia.com\/index.php\/wp-json\/wp\/v2\/comments?post=37"}],"version-history":[{"count":10,"href":"https:\/\/www.bio-laurentia.com\/index.php\/wp-json\/wp\/v2\/pages\/37\/revisions"}],"predecessor-version":[{"id":905,"href":"https:\/\/www.bio-laurentia.com\/index.php\/wp-json\/wp\/v2\/pages\/37\/revisions\/905"}],"up":[{"embeddable":true,"href":"https:\/\/www.bio-laurentia.com\/index.php\/wp-json\/wp\/v2\/pages\/14"}],"wp:featuredmedia":[{"embeddable":true,"href":"https:\/\/www.bio-laurentia.com\/index.php\/wp-json\/wp\/v2\/media\/335"}],"wp:attachment":[{"href":"https:\/\/www.bio-laurentia.com\/index.php\/wp-json\/wp\/v2\/media?parent=37"}],"curies":[{"name":"wp","href":"https:\/\/api.w.org\/{rel}","templated":true}]}}